 base 10.
280
-2045 (base 7) to base 3
-222122
537 (base 8) to base 7
1011
4070 (base 8) to base 4
200320
What is 19 (base 14) in base 5?
43
Convert 350 (base 13) to base 12.
3b8
What is -16099 (base 10) in base 2?
-11111011100011
What is 4895 (base 13) in base 10?
10262
What is -35322 (base 12) in base 6?
-1310042
What is -100010110110 (base 2) in base 14?
-b54
What is -643 (base 9) in base 16?
-20d
What is -32027 (base 9) in base 10?
-21166
Convert -2841 (base 12) to base 14.
-19a9
Convert 11106 (base 7) to base 4.
223233
Convert -6242 (base 8) to base 16.
-ca2
What is 3b4 (base 15) in base 10?
844
Convert 1978 (base 10) to base 7.
5524
Convert -3517 (base 15) to base 4.
-2300020
3925 (base 10) to base 9
5341
12342 (base 13) to base 7
166500
Convert -714 (base 15) to base 4.
-120322
What is -102120120 (base 4) in base 13?
-28365
-312 (base 9) to base 5
-2004
What is -11100111011 (base 2) in base 4?
-130323
49170 (base 10) to base 11
33a40
Convert -303312 (base 4) to base 16.
-cf6
What is -3961 (base 12) in base 10?
-6553
Convert -10100000 (base 2) to base 3.
-12221
What is 2a34 (base 12) in base 3?
20202211
Convert ab89 (base 14) to base 2.
111010000010101
What is -11530 (base 7) in base 8?
-5702
Convert -14713 (base 9) to base 2.
-10011101001000
-132230 (base 5) to base 6
-40335
218 (base 13) to base 3
111022
56152 (base 8) to base 7
125655
-101532 (base 7) to base 5
-1024133
4334 (base 5) to base 10
594
What is 444 (base 9) in base 16?
16c
Convert -259a (base 12) to base 15.
-1414
Convert 6968 (base 10) to base 5.
210333
What is 1e7 (base 16) in base 3?
200001
What is 295 (base 14) in base 4?
20023
What is -11422 (base 7) in base 6?
-21404
Convert -1347 (base 15) to base 16.
-1015
Convert -2230031 (base 4) to base 3.
-120010012
Convert -b5 (base 15) to base 16.
-aa
What is 49 (base 12) in base 9?
63
201322 (base 4) to base 14
b10
-14323 (base 5) to base 11
-a03
22511 (base 9) to base 16
3a93
Convert 51415 (base 9) to base 15.
a082
What is 12397 (base 10) in base 13?
5848
-1001100011 (base 2) to base 3
-211122
-7510 (base 8) to base 3
-12100220
402 (base 10) to base 4
12102
What is 14155 (base 7) in base 3?
12022001
What is -20140 (base 5) in base 14?
-687
Convert -11203 (base 4) to base 12.
-257
What is -9a (base 12) in base 6?
-314
Convert -2067 (base 11) to base 4.
-222233
Convert 344042 (base 5) to base 16.
306d
Convert -40315 (base 6) to base 8.
-12267
What is -311130 (base 4) in base 3?
-11200200
10303301 (base 4) to base 11
13887
What is -202 (base 11) in base 7?
-466
-11807 (base 9) to base 14
-2c77
Convert -242341 (base 6) to base 10.
-21301
80a (base 11) to base 2
1111010010
What is 20011210 (base 3) in base 9?
6153
Convert 35b1 (base 16) to base 4.
3112301
-b24 (base 14) to base 5
-32223
Convert 14371 (base 10) to base 5.
424441
What is -44043 (base 5) in base 14?
-115d
-53066 (base 8) to base 15
-6815
Convert 625 (base 12) to base 15.
3e8
What is 1701 (base 9) in base 5?
20142
Convert 17303 (base 12) to base 10.
33267
Convert 100110011101 (base 2) to base 16.
99d
Convert 10bb (base 12) to base 4.
131033
What is -43 (base 6) in base 2?
-11011
-42443 (base 5) to base 13
-1400
1365 (base 7) to base 9
656
-1101221121 (base 3) to base 13
-c790
Convert 85b3 (base 15) to base 10.
28293
What is -12202021 (base 4) in base 11?
-19119
Convert 187b (base 13) to base 3.
12000020
66a8 (base 13) to base 10
14334
1541 (base 6) to base 12
2b1
What is 9876 (base 11) in base 4?
3023212
What is -111001110101111 (base 2) in base 10?
-29615
What is -2173 (base 8) in base 5?
-14042
Convert 1683 (base 9) to base 10.
1290
Convert -3ac (base 15) to base 9.
-1130
Convert -723 (base 11) to base 5.
-11442
210100 (base 3) to base 16
240
What is -13555 (base 6) in base 14?
-b03
-8017 (base 12) to base 13
-63bb
-2315 (base 7) to base 3
-1011022
Convert -7c6 (base 15) to base 3.
-2102020
Convert -1064 (base 7) to base 8.
-605
Convert -323220 (base 5) to base 15.
-3425
-200 (base 16) to base 2
-1000000000
-5043 (base 9) to base 12
-2170
What is -1000010110100001 (base 2) in base 7?
-201510
Convert 1211041 (base 5) to base 15.
6a9b
What is 1010000001100 (base 2) in base 6?
35432
Convert -811 (base 13) to base 6.
-10154
-6454 (base 9) to base 8
-11213
Convert 20032 (base 4) to base 16.
20e
What is 2a37 (base 11) in base 10?
3912
What is -6324 (base 10) in base 11?
-482a
What is -5350 (base 12) in base 15?
-2a8c
Convert -5071 (base 11) to base 12.
-3a91
What is -100100 (base 4) in base 9?
-1375
1707 (base 9) to base 3
1210021
Convert -500 (base 12) to base 14.
-396
What is 203 (base 8) in base 7?
245
What is -54a (base 14) in base 3?
-1102202
What is -935c (base 15) in base 13?
-11232
What is 22022122 (base 3) in base 15?
1be5
What is -313 (base 11) in base 14?
-1cd
-65512 (base 7) to base 3
-211110111
12021 (base 3) to base 9
167
3932 (base 11) to base 4
1033331
Convert 371 (base 11) to base 8.
671
21256 (base 7) to base 12
3084
Convert -110022 (base 3) to base 9.
-408
-2701 (base 8) to base 7
-4203
Convert 53251 (base 6) to base 10.
7231
What is -3185 (base 14) in base 7?
-33625
Convert -165ac (base 13) to base 2.
-1010011011101010
Convert -1200102 (base 3) to base 9.
-1612
-14130 (base 10) to base 4
-3130302
614 (base 9) to base 7
1312
Convert -10013102 (base 4) to base 14.
-61d8
Convert 102 (base 12) to base 3.
12102
What is 461 (base 16) in base 5?
13441
Convert 12442 (base 9) to base 16.
20bd
Convert 30872 (base 9) to base 13.
938c
295 (base 15) to base 12
412
What is 13444 (base 8) in base 15?
1b4e
What is -c97d (base 16) in base 4?
-30211331
3542 (base 7) to base 12
908
Convert 365 (base 8) to base 4.
3311
What is -a37 (base 16) in base 11?
-1a68
Convert 1001100101 (base 2) to base 9.
751
Convert -8214 (base 13) to base 15.
-54a6
Convert 26 (base 14) to base 6.
54
Convert -10011111010 (base 2) to base 15.
-59e
What is -124 (base 12) in base 15?
-b7
Convert -1444 (base 6) to base 16.
-184
What is -b10 (base 12) in base 16?
-63c
1546 (base 7) to base 11
516
423103 (base 7) to base 11
4aa25
-7f (base 16) to base 13
-9a
Convert -23100 (base 4) to base 7.
-2046
1363 (base 7) to base 15
25a
-2120122210 (base 3) to base 2
-1100011001011101
Convert -10213 (base 4) to base 5.
-2140
What is -3141 (base 5) in base 11?
-353
-120202 (base 3) to base 10
-425
What is -5a8 (base 13) in base 4?
-33113
Convert -453 (base 14) to base 10.
-857
2156 (base 10) to base 9
2855
What is -131 (base 10) in base 13?
-a1
What is -126a4 (base 13) in base 4?
-20110313
Convert -110100000 (base 2) to base 7.
-1133
What is -1111011 (base 2) in base 16?
-7b
What is 11001 (base 4) in base 7?
636
-748 (base 14) to base 3
-1222012
10110110101100 (base 2) to base 14
4392
Convert -2752 (base 13) to base 2.
-1011000001100
Convert 12200022 (base 3) to base 6.
31055
Convert -10112 (base 3) to base 6.
-235
-1324210 (base 5) to base 15
-7e20
Convert -2212 (base 13) to base 16.
-128b
What is 651 (base 8) in base 7?
1145
Convert 1031213 (base 4) to base 16.
1367
Convert -34413 (base 5) to base 13.
-1190
What is -23204 (base 5) in base 13?
-9c2
Convert -102221 (base 8) to base 15.
-a0c7
What is -331 (base 11) in base 5?
-3042
What is -1011100011 (base 2) in base 9?
-1011
Convert 12043 (base 5) to base 3.
1020021
Convert c17 (base 15) to base 9.
3654
What is -a94a (base 11) in base 10?
-14453
What is -6131 (base 8) in base 4?
-301121
Convert 33055 (base 8) to base 6.
144113
3011 (base 5) to base 2
101111101
Convert 1aa48 (base 13) to base 12.
26309
Convert -554 (base 15) to base 10.
-1204
10342 (base 12) to base 16
52e2
-1039 (base 10) to base 2
-10000001111
83b (base 14) to base 7
4504
7260 (base 8) to base 4
322300
What is 110111111110 (base 2) in base 11?
2767
Convert -21220022 (base 3) to base 9.
-7808
What is -317 (base 8) in base 9?
-250
Convert -10e14 (base 15) to base 4.
-31020202
-534 (base 6) to base 16
-ca
110b (base 15) to base 6
24415
Convert 598 (base 15) to base 5.
20033
542 (base 10) to base 7
1403
Convert -2158 (base 10) to base 9.
-2857
Convert -2f2 (base 16) to base 12.
-52a
Convert -32113 (base 6) to base 4.
-1010031
What is -5586 (base 10) in base 5?
-134321
Convert 51c (base 15) to base 14.
5c4
What is -212201 (base 3) in base 13?
-3a3
Convert -1641 (base 7) to base 14.
-358
Conv